 when 10762 is divided by 769?
765
What is the remainder when 7246 is divided by 259?
253
Calculate the remainder when 2869 is divided by 54.
7
Calculate the remainder when 137466 is divided by 77.
21
Calculate the remainder when 791 is divided by 714.
77
What is the remainder when 6764 is divided by 966?
2
What is the remainder when 726026 is divided by 22688?
10
What is the remainder when 9717 is divided by 1531?
531
What is the remainder when 2399 is divided by 17?
2
Calculate the remainder when 1661 is divided by 26.
23
Calculate the remainder when 290297 is divided by 23.
14
What is the remainder when 10908 is divided by 984?
84
Calculate the remainder when 9932 is divided by 1634.
128
Calculate the remainder when 13874 is divided by 25.
24
What is the remainder when 49499 is divided by 3299?
14
Calculate the remainder when 6891 is divided by 6374.
517
Calculate the remainder when 16060 is divided by 183.
139
What is the remainder when 165847 is divided by 29?
25
What is the remainder when 11316 is divided by 1879?
42
Calculate the remainder when 20122 is divided by 32.
26
Calculate the remainder when 89704 is divided by 11203.
80
Calculate the remainder when 17224 is divided by 401.
382
Calculate the remainder when 16250 is divided by 27.
23
Calculate the remainder when 1451 is divided by 956.
495
Calculate the remainder when 376 is divided by 183.
10
What is the remainder when 189 is divided by 170?
19
What is the remainder when 71912 is divided by 49?
29
Calculate the remainder when 85774 is divided by 365.
364
Calculate the remainder when 493 is divided by 368.
125
What is the remainder when 7011 is divided by 89?
69
Calculate the remainder when 28147 is divided by 9362.
61
Calculate the remainder when 40018 is divided by 540.
58
What is the remainder when 16373 is divided by 749?
644
Calculate the remainder when 5412 is divided by 65.
17
What is the remainder when 21117 is divided by 6?
3
What is the remainder when 147230 is divided by 171?
170
What is the remainder when 3280 is divided by 1638?
4
Calculate the remainder when 59532 is divided by 132.
0
What is the remainder when 15918 is divided by 184?
94
Calculate the remainder when 19952 is divided by 241.
190
What is the remainder when 83377 is divided by 10396?
209
What is the remainder when 588 is divided by 131?
64
What is the remainder when 23847 is divided by 150?
147
What is the remainder when 19602 is divided by 783?
27
What is the remainder when 37871 is divided by 265?
241
Calculate the remainder when 47333 is divided by 5910.
53
Calculate the remainder when 1315 is divided by 58.
39
Calculate the remainder when 103518 is divided by 3.
0
What is the remainder when 14318 is divided by 14307?
11
Calculate the remainder when 2111 is divided by 695.
26
What is the remainder when 2956915 is divided by 173?
172
What is the remainder when 704997 is divided by 200?
197
Calculate the remainder when 5075 is divided by 62.
53
What is the remainder when 4318 is divided by 94?
88
What is the remainder when 17842 is divided by 17?
9
Calculate the remainder when 231125 is divided by 167.
164
What is the remainder when 654321 is divided by 38?
37
What is the remainder when 7557 is divided by 606?
285
Calculate the remainder when 465604 is divided by 69.
61
Calculate the remainder when 2406 is divided by 1916.
490
What is the remainder when 20654 is divided by 11?
7
Calculate the remainder when 2336 is divided by 86.
14
What is the remainder when 156832 is divided by 1329?
10
Calculate the remainder when 28282 is divided by 180.
22
Calculate the remainder when 157331 is divided by 31.
6
What is the remainder when 31407 is divided by 6278?
17
Calculate the remainder when 79233 is divided by 4951.
17
What is the remainder when 189669 is divided by 13?
12
Calculate the remainder when 605985 is divided by 55087.
28
What is the remainder when 5857 is divided by 543?
427
Calculate the remainder when 7815 is divided by 59.
27
What is the remainder when 939684 is divided by 7?
4
Calculate the remainder when 797479 is divided by 40.
39
What is the remainder when 3431 is divided by 184?
119
Calculate the remainder when 10944 is divided by 50.
44
Calculate the remainder when 140219 is divided by 171.
170
Calculate the remainder when 178849 is divided by 130.
99
Calculate the remainder when 61960 is divided by 8851.
3
What is the remainder when 193017 is divided by 60?
57
Calculate the remainder when 3838 is divided by 52.
42
Calculate the remainder when 2064 is divided by 410.
14
Calculate the remainder when 37334 is divided by 7451.
79
Calculate the remainder when 720861 is divided by 288.
285
Calculate the remainder when 6378 is divided by 43.
14
What is the remainder when 61702 is divided by 50?
2
Calculate the remainder when 6232 is divided by 942.
580
Calculate the remainder when 948 is divided by 657.
291
Calculate the remainder when 176401 is divided by 525.
1
Calculate the remainder when 632041 is divided by 9.
7
Calculate the remainder when 4563 is divided by 25.
13
Calculate the remainder when 2865 is divided by 65.
5
Calculate the remainder when 22961 is divided by 198.
191
Calculate the remainder when 74783 is divided by 24.
23
Calculate the remainder when 16480 is divided by 5486.
22
What is the remainder when 443 is divided by 16?
11
What is the remainder when 1137 is divided by 30?
27
What is the remainder when 852977 is divided by 138?
137
What is the remainder when 42404 is divided by 33?
32
Calculate the remainder when 372039 is divided by 22.
19
Calculate the remainder when 108101 is divided by 44.
37
What is the remainder when 3457 is divided by 670?
107
Calculate the remainder when 175192 is divided by 17519.
2
What is the remainder when 6885 is divided by 15?
0
What is the remainder when 1637996 is divided by 975?
971
What is the remainder when 15145 is divided by 505?
500
Calculate the remainder when 2770773 is divided by 497.
495
What is the remainder when 6837 is divided by 2254?
75
What is the remainder when 9180 is divided by 164?
160
What is the remainder when 24637 is divided by 6?
1
Calculate the remainder when 6834 is divided by 326.
314
Calculate the remainder when 390723 is divided by 1156.
1151
Calculate the remainder when 3647 is divided by 1026.
569
Calculate the remainder when 45682 is divided by 6.
4
Calculate the remainder when 23574 is divided by 11471.
632
What is the remainder when 1956 is divided by 116?
100
Calculate the remainder when 334391 is divided by 111462.
5
Calculate the remainder when 11809 is divided by 5902.
5
What is the remainder when 137991 is divided by 154?
7
What is the remainder when 4830 is divided by 270?
240
Calculate the remainder when 133823 is divided by 24.
23
What is the remainder when 107993 is divided by 82?
81
Calculate the remainder when 630527 is divided by 768.
767
What is the remainder when 38464 is divided by 271?
253
Calculate the remainder when 4056 is divided by 49.
38
Calculate the remainder when 13819 is divided by 1530.
49
What is the remainder when 9846 is divided by 154?
144
Calculate the remainder when 233254 is divided by 864.
838
What is the remainder when 80258 is divided by 26704?
146
What is the remainder when 365 is divided by 44?
13
What is the remainder when 4414 is divided by 39?
7
Calculate the remainder when 6954 is divided by 3385.
184
Calculate the remainder when 15420 is divided by 5131.
27
Calculate the remainder when 103090 is divided by 58.
24
Calculate the remainder when 54423 is divided by 9065.
33
Calculate the remainder when 525 is divided by 256.
13
What is the remainder when 24439 is divided by 8129?
52
What is the remainder when 112 is divided by 111?
1
What is the remainder when 1503254 is divided by 55?
49
Calculate the remainder when 25384 is divided by 12379.
626
What is the remainder when 13156 is divided by 94?
90
Calculate the remainder when 1893 is divided by 121.
78
Calculate the remainder when 842 is divided by 138.
14
Calculate the remainder when 36911 is divided by 63.
56
Calculate the remainder when 27800 is divided by 239.
76
What is the remainder when 15977 is divided by 8?
1
What is the remainder when 1508 is divided by 1034?
474
What is the remainder when 2935 is div